late the highest common factor of l and 30.
6
Let d = -5 - 18. Let r = d + 25. What is the greatest common factor of r and 1?
1
Let z be ((-4)/(-6))/((-10)/(-15)). Let i be 17/z - (10 - 7). What is the greatest common factor of 35 and i?
7
Let n = 34 - 18. Suppose -n = -l - 0*l. Let h be 14/3 - (-4)/(-6). Calculate the greatest common factor of l and h.
4
Suppose -3*s = -4*p + 3, -3*p + 15 = 6*s - 4*s. Suppose -7*a - 2*w + 64 = -p*a, -32 = -2*a + 5*w. What is the highest common factor of 40 and a?
8
Let u be (-1 - 0 - 0) + 2. Let j = u + -1. Suppose 3*h - 2*t - 29 = -j*h, -4*h - 5*t = -77. Calculate the highest common divisor of h and 91.
13
Suppose 4*p - 96 - 156 = 2*i, 0 = -2*i + 8. Let l(g) = 4*g**2 + 1. Let k be l(-4). Suppose -n - k = -6*n. What is the greatest common divisor of n and p?
13
Suppose -13*j = -833 - 1507. What is the greatest common factor of j and 12?
12
Let b be -14 - (-1 - -2)*1. Let h = 9 - b. Calculate the greatest common factor of 8 and h.
8
Suppose -7*q + 540 = 3*q. Calculate the greatest common divisor of q and 18.
18
Suppose 3*d + 5*u + 0*u = 56, 2*u = 8. Let z = -13 + 1. Let r = 24 + z. What is the highest common divisor of d and r?
12
Suppose 2*k + 336 = 16*k. Suppose -3*s + 1 + 5 = 0. Suppose 0 = -5*m + s*m + 48. What is the greatest common factor of m and k?
8
Let c(m) = m**3 - 10*m**2 - 9*m + 8. Let w be c(11). Suppose -b - 3*b = -80. Calculate the highest common divisor of w and b.
10
Let p(c) = 2*c - 5. Let o be p(-6). Let h = 29 + o. What is the greatest common factor of h and 108?
12
Let y = 8 - 5. Suppose 69 = 5*f + y*j, j - 2*j = -5*f + 57. What is the greatest common factor of f and 12?
12
Suppose 0 = 3*m - 6, 0*o - 3*o + 4*m = -31. What is the highest common factor of o and 117?
13
Let x = 3 + 0. Let m be (-8 + -2)/((-1)/4). Suppose m = x*n + 13. Calculate the greatest common factor of n and 1.
1
Suppose 0 = -2*w + 6*w - h - 120, -3*h = 3*w - 75. What is the greatest common factor of w and 232?
29
Suppose 0 = 4*b + 3*f - 178, -6*f + 40 = b - 3*f. What is the greatest common factor of 322 and b?
46
Let b be (143/3)/((-2)/(-6)). Calculate the highest common factor of b and 13.
13
Let j be 28/49 + 2022/14. Calculate the greatest common divisor of j and 29.
29
Let p be (-9 - -1)*(-15)/4. What is the greatest common factor of p and 6?
6
Suppose 3*f + b = 44, 5*f + b + 14 - 84 = 0. Suppose 6 = 5*u + 3*w - 16, 3*w - 12 = 0. Let h be (1/u)/(5/130). What is the greatest common factor of f and h?
13
Let n = 2 + -2. Suppose y - 12 = -7*a + 5*a, n = -a - 5*y - 3. Let m be -2 - ((1 - a) + 1). What is the greatest common divisor of 24 and m?
3
Let f(p) = -2*p + 16. Let t be f(-13). Let v(d) = -3*d + 7. Let n be v(-7). Calculate the greatest common factor of n and t.
14
Let x be 1/3 + (-445)/(-15). Suppose 20 = 4*w + 2*d, -3*d - x = -5*w - 8*d. Calculate the highest common divisor of w and 4.
4
Let d = 4 - 3. Let g be (-122)/(-6) + d/(-3). Calculate the highest common divisor of g and 60.
20
Suppose 3*l - 9 = -3*d, 3*d + d - 3*l = 5. Suppose -1 = -d*q + 3. What is the greatest common divisor of 2 and q?
2
Let k(b) be the third derivative of -11*b**6/30 + b**5/30 + b**4/24 + 2*b**2. Let t be k(-1). Calculate the highest common factor of t and 30.
15
Suppose 30 - 12 = 2*m. What is the greatest common factor of 6 and m?
3
Let x(n) = n + 21. Let w be x(-9). What is the highest common divisor of 120 and w?
12
Let j = 16 + -11. What is the greatest common factor of 5 and j?
5
Let u = -98 + 138. What is the greatest common divisor of u and 5?
5
Let c = -5 - -8. Suppose -2*t = a - 6*a - 30, 3*t = c*a + 45. Calculate the greatest common factor of t and 6.
3
Let c(h) = 9*h + 15. Let w be c(13). What is the greatest common divisor of w and 22?
22
Let y(w) = 11*w**2 - 2*w + 5. Let j be y(-4). Suppose 20*n + 21 = 21*n. What is the greatest common factor of n and j?
21
Let i = -187 + 334. What is the greatest common factor of 21 and i?
21
Let r(o) = o**3 - 2*o**2 + 2*o - 2. Let n = -5 + 8. Let g be r(n). Suppose 3*p - 228 + 33 = 0. What is the highest common divisor of p and g?
13
Suppose 5*d = -4*m + 440, 5*d - 4*m = -5*m + 425. Let c be ((-112)/(-10))/1 + (-24)/(-30). Calculate the greatest common divisor of d and c.
12
Let l be (-17)/(-1)*(3 + -2). Suppose 0 = 5*h - s + 25, 0 = -h - 2*s - l + 1. Let d be h/(-39) + 620/26. Calculate the highest common factor of 3 and d.
3
Let b = 20 - 19. Suppose -2*l + 3*z + 18 = z, -10 = 2*z. Calculate the highest common divisor of l and b.
1
Suppose 5*n - 271 = 5*v + 59, 2*v - 365 = -5*n. Let g = n + -46. What is the highest common divisor of g and 10?
5
Let q = -27 - -45. Let l be (2 - (-52)/1)*(-112)/(-42). What is the highest common divisor of q and l?
18
Suppose 4*h - 2*g = 3*g, -4*g + 1 = -3*h. What is the highest common factor of h and 55?
5
Suppose -3*r + 231 = -0*r. Let d(j) = -3*j - 19. Let l be d(-10). What is the greatest common factor of l and r?
11
Suppose 0 = -g + 5*g - 72. What is the greatest common factor of g and 144?
18
Let i = -5 - -27. Let d = -40 + 106. What is the greatest common divisor of i and d?
22
Suppose 5*w = 23 + 217. Calculate the highest common divisor of w and 12.
12
Let b(d) = -d**2 - 5*d - 3. Let y be b(-2). Calculate the highest common divisor of y and 15.
3
Let v(r) be the first derivative of -3*r**2 - 7*r + 4. Let j be v(-7). What is the greatest common divisor of j and 7?
7
Suppose 0*c + 5*c - 275 = 0. What is the highest common factor of c and 22?
11
Suppose -3 - 13 = -4*q. Suppose 2*o - 1 = 15. Calculate the highest common factor of q and o.
4
Suppose 0 = -4*a - 0*y - 2*y + 22, -2*a - 4*y + 14 = 0. Let u(s) = -1 - 4 + 4*s + 4 + a. Let m be u(4). Calculate the highest common factor of 180 and m.
20
Suppose -o + 8 = 3*o. Let g be -1 - 2/o*-7. Let n be 1 - 2 - (-62)/2. Calculate the greatest common factor of g and n.
6
Suppose d = o - 51, 0*o - d = 3*o - 173. Let a be 20 - 7 - (2 - -3). What is the greatest common factor of o and a?
8
Let z be (-1)/(-2) - (-36)/8. Suppose z*l - 360 = l. Calculate the greatest common divisor of 36 and l.
18
Let b(s) = -s**3 + 9*s**2 - 7*s - 7. Let l be b(8). Suppose -4 = -t - l. Calculate the highest common divisor of 3 and t.
3
Let h = 3 - -26. What is the highest common divisor of h and 203?
29
Suppose -12 = k + 3*c, 4 + 9 = -4*k - 5*c. Let b = -12 + 27. Suppose l = -0*l + b. What is the greatest common factor of k and l?
3
Let m = 42 + -30. Calculate the greatest common divisor of m and 108.
12
Suppose -2*f - 3*s = -0*s - 202, 182 = 2*f - 2*s. Calculate the greatest common divisor of 19 and f.
19
Let t = 2 - 1. Let r be (2 - t) + 1 + 0. Suppose -4*i - r*a = -3*a - 23, i - 2*a = 4. Calculate the highest common divisor of i and 24.
6
Suppose 0 = 8*p - 2*p - 270. Let b be (120/(-16))/(2/(-4)). What is the highest common divisor of b and p?
15
Let r = 428 + -233. Suppose j - r = -2*j. Let p be 1/6*26*6. What is the greatest common divisor of p and j?
13
Let s(n) = -8*n - 49. Let k be s(-10). What is the greatest common divisor of 248 and k?
31
Suppose -5*c + 35 = 2*c. Calculate the highest common divisor of c and 2.
1
Let a be 1/3 + 4/6. Suppose -28 + 29 = w. Calculate the highest common factor of w and a.
1
Let c be 4/6*(1 + 2). Suppose 0 = c*k - 1 + 13. Let z(s) = s + 12. Let h be z(k). What is the greatest common divisor of h and 12?
6
Let c be -1*7/(-2)*(-12)/(-42). Suppose 5*s - 5*m + 0*m - 60 = 0, -4*s - 5*m = -3. What is the highest common divisor of c and s?
1
Let y be (-126)/(-24) + 2/(-8). Suppose 207 = y*l - 2*l. Let h = -39 + l. What is the greatest common factor of h and 10?
10
Suppose -4*m = 5*z - 150, 5*z = 2*m + 145 + 5. Calculate the highest common divisor of z and 6.
6
Let l(r) = r**2 - 2*r + 10. Let u be l(-8). Suppose u - 18 = 4*y. What is the greatest common factor of y and 2?
2
Let j = 8 - 4. Suppose -5*l - 5 = -2*w, -5*w + 8 = -j*l - 30. Suppose -2*g = -7*g + 75. What is the greatest common factor of w and g?
5
Suppose -5*w = -3*w - 80. What is the greatest common factor of w and 60?
20
Suppose 4*l - 10 = 2*w, -4*l + 5*w - 2*w + 15 = 0. Suppose -8 = -l*u - 2*u. Suppose -3*m = -u*m + 20. Calculate the highest common divisor of m and 4.
4
Let m be (1 - -1)/((-1)/(-2)). Suppose -3*i - 3 = -m*i. Let 